
Evaluate (-539 - -536) + -2 + 14.
9
What is the value of -40 + -2 + 37 + 43?
38
Evaluate (-19 + 1 - (-124 - -117)) + 7.
-4
Calculate 25 + 5 + -22 - 15.
-7
Evaluate -28 + (32 - 4) + (-8 - (0 + -1)).
-7
What is 6 + (7 - (34 - (-10 + (6 - 0))))?
-25
What is the value of -10 + 10 - (-2 - 4 - -1 - 5)?
10
28 - (3 - (11 + -21))
15
Calculate -1 + 1 + -2 - (196 - 180).
-18
What is -1 - 3 - (-13 + 9 + (24 - 11))?
-13
Evaluate -147 + 159 + (-8 - -2).
6
Evaluate 6 - (21 + -58 + 20).
23
What is the value of -3 + (11 - -4 - -1)?
13
Evaluate 17 + 2 + 0 - (-26 + 5 + 26).
14
What is the value of 26 - -7 - 16 - 7?
10
What is the value of 17 + -12 - (3 + -3)?
5
Evaluate -5 + -4 - (-2 + -10 + 6 + 2).
-5
Evaluate 1 - 1 - -2 - (-65 + 30 - -23).
14
What is the value of 58 + -24 - 41 - 21?
-28
(-21 - (-24 - -22)) + 31
12
(7 - 0) + (13 - (27 - -4))
-11
What is (21 - 15 - (3 + -8)) + 10?
21
Evaluate 27 - 10 - (5 - -23).
-11
Calculate -2 - (-62 - -54 - (-5 - (2 + 1))).
-2
What is 3 + -8 + 3 + 3 - 3?
-2
Calculate -28 + 12 + (-1 - -9).
-8
Evaluate -60 + 98 + (-10 - 2) - 7.
19
Calculate -9 + (-7 - (10 + -24)).
-2
What is the value of (-1 - -11) + -8 - (16 - 24)?
10
What is -7 + (7 - (-2 - -9 - 0)) + -8?
-15
What is the value of (0 + 1 - 11) + (29 - 61) + 40?
-2
Calculate -19 - 1 - (-527 - -504) - (1 + -11).
13
What is (9 - (-6 + 4)) + -2 + 3?
12
Calculate (-13 - -9 - -5 - (19 + -1)) + 5.
-12
What is the value of 6 + -2 - (766 - 792)?
30
What is the value of -3 - (-30 + (1 - 0 - (-20 + 12)))?
18
What is the value of (2 - 24 - (12 - 24)) + 16?
6
What is 19 + -6 + -9 + -13?
-9
What is (-19 - -4) + 1 - (-19 - (16 - 35))?
-14
What is the value of 1 + 9 - ((-8 - 1) + 3)?
16
What is 4 + (-11 - (5 + (5 - 15)))?
-2
What is the value of (13 - -6) + -13 + (-1 + 2 - -1)?
8
Evaluate (-10 + 7 - (1 + -8)) + 0 + 4.
8
What is -33 + 34 - (11 - (3 + -1 - 4))?
-12
-1 - (-1 + -6 - -5) - 7
-6
What is (14 + 17 - 11) + -19?
1
What is (16 - (2 - 3)) + (-4 - (-21 - -12))?
22
What is 12 + (11 - ((12 - 24) + 17))?
18
(5 - (-42 + 5)) + 59 + -74
27
Evaluate 8 + (2 - 12) - -22.
20
What is the value of 156 + -158 - (0 + -1 - (-2 - -9))?
6
What is the value of (3 + -2 - (0 + 0)) + -23 + 18?
-4
What is (18 + -20 - -14) + (-1 - 7)?
4
1 + (7 - 8 - 0) - -14
14
What is -6 + (-15 - -56) + -18?
17
What is the value of -31 - (-22 + 12 + 5) - (-4 + 9)?
-31
-11 - (0 + 2 + 1)
-14
What is -1 + 3 + -10 + -3 + 13?
2
Calculate -43 + -1 + 2018 + -1998.
-24
Calculate -8 + -1 + (-18 - -17) - (-6 + -30).
26
(-15 - (-6 + 28)) + 8 + 8 + 0
-21
Evaluate 11 + -16 + -8 + (3 - 7).
-17
14 + -6 - 10 - (14 + 4)
-20
What is the value of 2 + -1 - ((-8 - 5) + 20)?
-6
Calculate 10 + 0 + -2 + -276 + 274 - -10.
16
Evaluate -20 - -26 - (0 - -2) - 2 - 13.
-11
What is the value of (-8 + -5 + 0 - -3) + -2 + -3?
-15
What is the value of -7 + -1 - (38 - 60)?
14
What is the value of 3 - (9 + -9 + 14)?
-11
35 + -18 - (1 - -32)
-16
What is 7 + (18 - (4 - -6))?
15
122 - 142 - (0 + -14)
-6
Evaluate -1 - -3 - (-16 - (2 + -2 + -15)).
3
What is the value of 12 - -1 - (43 + -3)?
-27
Evaluate (-15 + -5 - -49) + -19.
10
3 + (-21 - -10) + (-5 - -3)
-10
Evaluate 32 + (-6 - (10 + -6)) + 5 + -6.
21
What is (-1 - 0 - -3) + -20 + (12 - -11)?
5
What is the value of -2 + -11 + 20 - (0 + -3)?
10
What is 13 - (2 - (3 - -6) - -11)?
9
What is (18 - 17) + -4 + (2 - 0)?
-1
Calculate (-2 - ((-7 - -10) + -2 + -5)) + 7.
9
Evaluate 7 - (11 + -11 + (18 + -1 - 1)).
-9
What is 1 + 14 - (122 - 110)?
3
Calculate -12 + -1 + 6 + 5 + -9.
-11
Evaluate -26 - (-12 + -3) - -19.
8
Calculate 31 + (20 - 19) + -48.
-16
What is the value of -17 + (-6 - -5) + (10 - 1)?
-9
Evaluate 2 + (1 - -7) + (-1 - 1) + -3.
5
3 - (-15 + 1 + 5)
12
(-5 - -1) + -15 - (44 + -40)
-23
What is the value of 27 + (7 - (-12 + 48))?
-2
Calculate -16 - (-23 + 2 - -17).
-12
(5 + -6 + -2 - -2) + -3 - 11
-15
7 + (-14 + 1 + 2 - -6)
2
(15 - 10) + -4 + 0 + -2
-1
7 - (-14 + -2 + (36 - 13))
0
What is (14 - (-25 - -51)) + -10?
-22
Calculate 21 + (17 - 61) - -20.
-3
Evaluate -10 + 0 + -11 - (7 + (10 - 27)).
-11
5 - -23 - -14 - 67
-25
Calculate 26 + 17 - 24 - 5.
14
Calculate -5 - 2 - 0 - ((-48 - -27) + -2).
16
What is 0 + -20 + (6 - -29)?
15
Evaluate -3 - -11 - (-5 + -1).
14
15 - -1 - (-4 + 15)
5
Evaluate -12 + (10 - 28) + 24.
-6
What is 41 + (2 - (-13 - -14)) + -7?
35
-7 + 9 + (-63 + 42 - (0 - 0))
-19
Evaluate 20 + (-60 + 58 - (20 + 1)).
-3
Evaluate (47 - 21) + 11 - 33.
4
Evaluate -12 + (5 - -1 - (113 - 110)) - 3.
-12
Calculate 8 - 1 - (-39 + 75 + -24).
-5
16 + (0 - (0 - -6))
10
Evaluate -5 + 1 + 3 - (-3 + (0 - 4)).
6
What is 3 + (-22 + 16 - (11 - 0))?
-14
What is 21 + -36 + 19 + (5 - (0 + -2))?
11
What is 2 - (4 + -3) - (89 - 90)?
2
Evaluate -5 + (6 + -12 - -5).
-6
What is the value of (-2 + -2 - 1) + (0 - (-5 + 1))?
-1
Calculate (1 - 11) + -17 + -8 + 35.
0
What is the value of 10 + -16 + (13 - (-5 + 12))?
0
What is -21 - (-10 + -19) - 36?
-28
Evaluate -1 + 5 + (-5 - -1) + -15.
-15
Calculate -348 - -341 - (4 - -1).
-12
Calculate 5 + (4 + (11 - 3) - 22).
-5
What is the value of (77 - (74 - 31)) + -3?
31
Calculate (-16 - 4) + 21 + -20.
-19
Evaluate 5 - ((7 - (-6 + 7) - 4) + -2).
5
-15 + (-7 - (-3 + 7)) + 0 - -8
-18
Evaluate (6 - 12) + (3 - 1).
-4
Calculate (5 - -1) + (371 - 365).
12
What is 3 - (0 - (13 + -15))?
1
Calculate (-1 - -5) + -2 + 7 + -11 - 0.
-2
Evaluate (7 - -6) + 0 + -1.
12
-14 - (1 - 19) - -8 - 32
-20
What is the value of -9 + 14 + 9 + (-2 - -11)?
23
What is -9 - (-5 + 38 + -24)?
-18
(7 - 2) + -6 + 2 - 9 - -41
33
3 + (-37 - (17 - 33))
-18
What is the value of 5 - (0 + (13 - 8))?
0
Evaluate -3 - (-10 - -8) - 15 - -24.
8
What is the value of 21 - (9 - -2) - -4?
14
What is the value of 2 + 13 + (33 - 34) + 12?
26
Calculate 36 + -67 + 27 + -19.
-23
Calculate -1 - -20 - (-177 - -184).
12
Calculate 3 + (-15 - -25 - 12).
1
What is (9 - -3) + (-5 - (7 - -10)) - -3?
-7
What is the value of 6 - (2 - 10) - 14?
0
What is the value of ((23 - 11) + -3 - 2) + 17?
24
What is the value of (3 - 20) + 1 + 8 + 0 + 5?
-3
What is 2 - 13 - (-10 - -27 - 38)?
10
Evaluate 15 - 2 - (22 + -8).
-1
What is the value of (0 - -2) + -31 + -2698 + 2711?
-16
Evaluate -1 + -15 + 4 + 18 + 6.
12
-4 + (-12 - (-5 + -6 - -7 - -4))
-16
Calculate 17 + -3 + (21 - (53 - 22)).
4
-5 - (-1 - 2 - (-11 + (-9 - -21)))
-1
What is the value of (1 - -1) + (31 + 25 - 65)?
-7
144 - 139 - (8 + 0 - 0) - -17
14
What is -6 + -1 + (-4 - -6) + 4 + 4?
3
Evaluate 0 + 2 + -1 + 1 + (3 - 5).
0
What is the value of 9 + 12 - (-28 - -38)?
11
Evaluate -43 + 56 - (2 + 4) - -12.
19
(1 - 4) + 17 + -2 + 5
17
Calculate -3 + -15 + 9 + 9 + (16 - -7).
23
Evaluate (12 - 4) + 11 + (-7 - -11).
23
What is (7 - 1 - (3 + 6)) + -7 - 1?
-11
Calculate 5 + -9 + (-4 - -1) + 6.
-1
14 - (6 + 10) - (12 - -1)
-15
What is -1 + 7 - (-11 - (-7 + -8) - -6)?
-4
Calculate -1 + -2 - (-6 - (12 + -14) - -1).
0
Evaluate -1 - -7 - 15 - ((-3 - 19) + -1).
14
What is the value of 94 + -104 - (1 + -16)?
5
Calculate (-10 - 0) + (-3 - (0 - (9 - 2))).
-6
Evaluate 3 + -7 + 8 - (-2 + -10).
16
What is (9 - (14 + -5 - 5)) + (1 - 9)?
-3
What is -1 + (-15 - -2) + -421 + 417?
-18
Evaluate (-6 - -30) + -28 - (0 + (-17 - -2)).
11
Evaluate 9 + -9 + (-3 + 7 - 0).
4
Calculate (5 - 0) + (-1 + -9 - (82 + -83)).
-4
Evaluate -10 - (-3 - (-13 - -15)).
-5
What is the value of -31 + -11 + 69 - 51?
-24
Calculate 6 + 29 - (12 + -7).
30
Calculate -2 - (-37 + -8) - (3 - -9).
31
-14 + -2 + 0 + (-18 + 35 - 14)
-13
What is the value of (-1 - 7 - -1 - 2) + -9 + 18?
0
Evaluate (-2 - -19) + 154 + -165.
6
What is 32 + -16 + (-2 - (6 - 15)) + -8?
15
0 + 1 + -4 + (-6 - (4 - 11))
-2
What is the value of (-5 - -8) + 11 + -17?
-3
(37 - (84 - 48)) + 1 + 0 + -21
-19
Calculate 9 + (14 + -5 - 5).
13
Calculate -127 - -131 - (2 - 0 - 9).
11
Evaluate -7 + (21 + -12 - (1 + -4)).
5
What is (-99 - -98) + 0 + 8 + (-1 - -8)?
14
3 + 2 + 14 - (42 - 0)
-23
-216 - -220 - (-1 - (3 - 0))
8
Evaluate (3 - 3) + -6 + (-57 - -75).
12
What is 0 - (-7 - -8 - (4 + -1) - -5)?
-3
Evaluate -6 + (-5 - -1) - (-34 + 1).
23
(0 - -9) + (-16 - -16) - (-1 + 11)
-1
Calculate 2 + (9 - 6 - 6 - -18).
17
Evaluate (-13 - -1) + (-4 - 1) + 5 + 4.
-8
What is 3 + 8 + (3 + -3 + 6 - 13)?
4
(-9 - (-17 + 8 + -13)) + -10
3
What is -66 + 84 + 2 + -3 + -1?
16
3 + -14 - (-7 + -3 + 0)
-1
What is the value 